{"id":3610,"date":"2025-01-14T07:57:52","date_gmt":"2025-01-14T06:57:52","guid":{"rendered":"http:\/\/www.landrea.net\/?page_id=3610"},"modified":"2025-03-04T08:52:33","modified_gmt":"2025-03-04T07:52:33","slug":"genealogie4","status":"publish","type":"page","link":"https:\/\/www.landrea.net\/index.php\/genealogie4\/","title":{"rendered":"Arbre G\u00e9n\u00e9alogique 4"},"content":{"rendered":"<p><canvas id=\"AG3_Canvas\" width=\"8000\" height=\"8000\"><\/canvas><br \/>\n<canvas id=\"AG3_Legende\" width=\"1700\" height=\"465\"><\/canvas><\/p>\n<div id=\"AG3_Fond\">\n<div id=\"AG3_Professions\">\n<div class=\"Profession\" id=\"Cultivateur\">\n<li class=\"Prof_Couleur1\">saddlebrown<\/li>\n<li class=\"Prof_Couleur2\">saddlebrown<\/li>\n<li class=\"Prof_Couleur3\">white<\/li>\n<li class=\"Prof_Image\">AG-Informaticien<\/li>\n<\/div>\n<\/div>\n<div id=\"AG3_Ancetres\">\n<div class=\"DBAG\" id=\"AG0000\" onclick=\"Fenetre_Details('AG0000')\">\n<li class=\"AGNom\">LANDREA<\/li>\n<li class=\"AGPrenoms\">Laurent Fr\u00e9d\u00e9ric<\/li>\n<li class=\"AGCoupe\"><\/li>\n<li class=\"AGDateN\">10 Mai 1968<\/li>\n<li class=\"AGLieuN\">S\u00e9zanne<\/li>\n<li class=\"AGDateM\"><\/li>\n<li class=\"AGLieuM\"><\/li>\n<li class=\"AGDateD\"><\/li>\n<li class=\"AGLieuD\"><\/li>\n<li class=\"AGPere\">0002<\/li>\n<li class=\"AGMere\">0003<\/li>\n<li class=\"AGProf\">Ing\u00e9nieur informatique<\/li>\n<li class=\"AGRayon\"><\/li>\n<li class=\"AGAngle\"><\/li>\n<li class=\"AGPosx\"><\/li>\n<li class=\"AGPosy\"><\/li>\n<\/div>\n<\/div>\n<div id=\"AG3_Sticky\">\n<div id=\"AG3_Boutons\">\n<li class=\"AG3_Bouton_Dessine\" onclick=\"AG3Cercle('Cercle')\">Cercle<span class=\"Bouton_Valeur\">1<\/span><\/li>\n<li class=\"AG3_Bouton_Dessine\"  onclick=\"AG3Cercle('Loupe')\">Loupe<span class=\"Bouton_Valeur\">0<\/span><\/li>\n<li class=\"AG3_Bouton_Dessine\" onclick=\"AG3Cercle('Regions')\">Regions<span class=\"Bouton_Valeur\">0<\/span><\/li>\n<li class=\"AG3_Bouton_Dessine\" onclick=\"AG3Cercle('Papa')\">Papa<span class=\"Bouton_Valeur\">0<\/span><\/li>\n<li class=\"AG3_Bouton_Dessine\" onclick=\"AG3Cercle('Enfants')\">Enfants<span class=\"Bouton_Valeur\">0<\/span><\/li>\n<li class=\"AG3_Bouton_Dessine\" onclick=\"AG3Cercle('Profession')\">Profession<span class=\"Bouton_Valeur\">0<\/span><\/li>\n<li class=\"AG3_Bouton_Dessine\" onclick=\"ArbreHistorique()\">Test<span class=\"Bouton_Valeur\">0<\/span><\/li>\n<\/div>\n<li id=\"AG3_Carte_Annee\"><\/li>\n<li id=\"AG3_Carte_Aieux\"><\/li>\n<div id=\"AG3_Carte_Dynamique\">Marne<\/div>\n<p><canvas id=\"AG3_Carte_Trajets\" width=\"520\" height=\"520\"><\/canvas><\/p>\n<div id=\"AG3_Boutons_Carte\">\n<li class=\"AG3_Bouton_Carte_Dessine\" onclick=\"ChangeCarte()\">FR\/Marne<\/li>\n<li class=\"AG3_Bouton_Carte_Dessine\" onclick=\"AffichageDynamique(1650,2)\">Clear<\/li>\n<li class=\"AG3_Bouton_Carte_Dessine\" onclick=\"AffichageDynamique(1580,0)\">Instantan\u00e9<\/li>\n<li class=\"AG3_Bouton_Carte_Dessine\" onclick=\"AffichageDynamique(1580,1)\">Cumul<\/li>\n<li class=\"AG3_Bouton_Carte_Dessine\" onclick=\"AffichageDynamique(1580,3)\">Trajets<\/li>\n<\/div>\n<div id=\"AG3_Villes\">\n<div class=\"Ville\" id=\"Abbaye-sous-Plancy\"><span class=\"Nbre\"><\/span><span class=\"L\">3.944<\/span><span class=\"T\">48.569<\/span><span class=\"C\">Marne<\/span><span class=\"Couleur\"><\/span><\/div>\n<\/div>\n<\/div>\n<div id=\"AG3_Details\">\n<li class=\"DTNom\"><\/li>\n<li class=\"DTNaissance\"><\/li>\n<li class=\"DTMariage\"><\/li>\n<li class=\"DTAvec\"><\/li>\n<li class=\"DTMariage\"><\/li>\n<li class=\"DTAvec\"><\/li>\n<li class=\"DTDeces\"><\/li>\n<li class=\"AGProf\"><\/li>\n<li class=\"AGRef\"><\/li>\n<\/div>\n<\/div>\n<div id=\"AG3_Cache_Cellules\"><\/div>\n<p><canvas id=\"AG3_Carte\" width=\"520\" height=\"564\"><\/canvas><\/p>\n","protected":false},"excerpt":{"rendered":"<p>saddlebrown saddlebrown white AG-Informaticien LANDREA Laurent Fr\u00e9d\u00e9ric 10 Mai 1968 S\u00e9zanne 0002 0003 Ing\u00e9nieur informatique Cercle1 Loupe0 Regions0 Papa0 Enfants0 Profession0 Test0 Marne FR\/Marne Clear Instantan\u00e9 Cumul Trajets 3.94448.569Marne<\/p>\n","protected":false},"author":1,"featured_media":0,"parent":0,"menu_order":0,"comment_status":"closed","ping_status":"closed","template":"","meta":{"spay_email":"","footnotes":""},"class_list":["post-3610","page","type-page","status-publish","hentry"],"_links":{"self":[{"href":"https:\/\/www.landrea.net\/index.php\/wp-json\/wp\/v2\/pages\/3610","targetHints":{"allow":["GET"]}}],"collection":[{"href":"https:\/\/www.landrea.net\/index.php\/wp-json\/wp\/v2\/pages"}],"about":[{"href":"https:\/\/www.landrea.net\/index.php\/wp-json\/wp\/v2\/types\/page"}],"author":[{"embeddable":true,"href":"https:\/\/www.landrea.net\/index.php\/wp-json\/wp\/v2\/users\/1"}],"replies":[{"embeddable":true,"href":"https:\/\/www.landrea.net\/index.php\/wp-json\/wp\/v2\/comments?post=3610"}],"version-history":[{"count":83,"href":"https:\/\/www.landrea.net\/index.php\/wp-json\/wp\/v2\/pages\/3610\/revisions"}],"predecessor-version":[{"id":3731,"href":"https:\/\/www.landrea.net\/index.php\/wp-json\/wp\/v2\/pages\/3610\/revisions\/3731"}],"wp:attachment":[{"href":"https:\/\/www.landrea.net\/index.php\/wp-json\/wp\/v2\/media?parent=3610"}],"curies":[{"name":"wp","href":"https:\/\/api.w.org\/{rel}","templated":true}]}}