{"id":1383,"date":"2021-12-06T19:19:13","date_gmt":"2021-12-06T18:19:13","guid":{"rendered":"http:\/\/www.landrea.net\/?page_id=1383"},"modified":"2021-12-06T19:19:13","modified_gmt":"2021-12-06T18:19:13","slug":"ressource-50","status":"publish","type":"page","link":"https:\/\/www.landrea.net\/index.php\/ressource-50\/","title":{"rendered":"Mes parents flamands"},"content":{"rendered":"<p class=\"K-Titre-Centre\"> Mes parents flamands <\/p>\n<div class=\"K-Image-Droite\"><a href=\"http:\/\/www.landrea.net\/index.php\/lukasa\/\"><img loading=\"lazy\" decoding=\"async\" src=\"http:\/\/www.landrea.net\/wp-content\/uploads\/2021\/12\/Lukasa-00-Origine-210x300.png\" alt=\"\" width=\"210\" height=\"300\" \/><\/a>Retour au Lukasa<\/div>\n<div class=\"K-Image-Centre\"><img loading=\"lazy\" decoding=\"async\" src=\"http:\/\/www.landrea.net\/wp-content\/uploads\/2021\/12\/Lukasa-50-Image-300x178.png\" alt=\"\" width=\"300\" height=\"178\" \/>\n<\/div>\n<div style=\"width:100%; \">\n<p class=\"K-Texte-Centre K-Texte\">Bient\u00f4t donc    c\u2019est l\u2019entr\u00e9e dans le r\u00eave\u00a0!<br \/>\nExpo58 ann\u00e9e faste\u00a0:    visites somptueuses<br \/>\nAu palais royal   dans les ch\u00e2teaux les mairies<br \/>\nR\u00e9citals et feux de la rampe   et feux d\u2019artifice\u00a0!<br \/>\nD\u00e9licatesse et parfums\u00a0!   Une Main bienveillante<br \/>\nEst venue se poser sur moi    et m\u2019a d\u00e9pos\u00e9 l\u00e0-bas<br \/>\nDe l\u2019autre c\u00f4t\u00e9 du d\u00e9sert   \u00e0 l\u2019autre bout du monde<br \/>\nLe pays de Mozart   et de Bach et de Mendelssohn\u00a0!<br \/>\nJe re\u00e7ois de nouveaux parents     des gens de Dieu\u00a0:<br \/>\nJacques Derickx     et son \u00e9pouse Jos\u00e9phine Haazen<br \/>\nPour la premi\u00e8re fois   j\u2019appelle quelqu\u2019un Maman<br \/>\nPour la premi\u00e8re fois      j\u2019appelle quelqu\u2019un Papa\u00a0!<br \/>\nJe suis si content de prononcer   ces mots suaves\u00a0!<\/p>\n<p class=\"K-Texte-Centre K-Texte\">Me voici enfin    dans une famille qui fonctionne<br \/>\nDans ma chambre\u00a0:    la po\u00e9sie de Guido Gezelle<br \/>\nMozart et d\u2019autres classiques   Catarina Valente<br \/>\nEt des tas d\u2019autres musiques\u00a0    Je suis combl\u00e9\u00a0!<br \/>\nJ\u2019\u00e9coute je savoure    Ah oui j\u2019ai aussi un piano<br \/>\nJe suis des cours   d\u00e9chiffre pr\u00e9ludes et fugues<br \/>\nChaque moment   est une savoureuse surprise<br \/>\nJe me sens tellement choy\u00e9\u00a0  Je suis heureux !<br \/>\nJamais je n\u2019ai vu     des \u00eatres si bons si aimants<br \/>\nIls m\u2019aiment sans mesure    je suis ivre de joie<br \/>\nJ\u2019en perds la conscience     de la couleur<br \/>\nJe suis dans l\u2019horizon   dans le r\u00eave<br \/>\nJ\u2019y suis donc   au paradis\u00a0!<\/p>\n<p class=\"K-Texte-Centre K-Texte\">Peut-on imaginer    une existence<br \/>\nDont chaque instant   est magie\u00a0?<br \/>\nNous visitons en famille   la France du nord au sud<br \/>\nVoir Lisieux Lourdes    quelle f\u00e9licit\u00e9 pour l\u2019adolescent<br \/>\nQui r\u00eave de consacrer sa vie au Bon Dieu   et que je suis\u00a0!<br \/>\nEnsuite Carcassonne  \u00a0\u2013 Le moyen \u00e2ge c\u2019\u00e9tait donc \u00e7a\u00a0! \u2013<br \/>\nEt tant d\u2019autres lieux    qui m\u2019impressionnent\u00a0tant !<\/p>\n<p class=\"K-Texte-Centre K-Texte\">Je pars en croisi\u00e8re    depuis Anvers jusqu\u2019\u00e0 Lobito en Angola<br \/>\nDeux semaines idylliques     avec une escale aux \u00celes Canaries<br \/>\nPaysages mirifiques visages inhabituels   je suis \u00e9poustoufl\u00e9\u00a0!<br \/>\nJe me fais des copains sur notre paquebot     le Baudouinville<br \/>\nNous avons du plaisir    \u00e0 jouer aux cartes aux dames au Lego<br \/>\n\u00c0 lire Jusqu\u2019au grand nord de Kingston   et d\u2019autres aventures<br \/>\nQui se d\u00e9roulent en haute mer    Ma vie est un r\u00eave continu !<br \/>\nJe passe pr\u00e8s de deux ann\u00e9es \u00e0 Kamina-ville   ma ville natale<br \/>\nMa m\u00e8re m\u2019offre un v\u00e9lo bleu   une vraie Rolls \u00e0 l\u2019\u00e9poque\u00a0!<br \/>\nPouvoir simplement vivre \u00e0 ses c\u00f4t\u00e9s   quelle b\u00e9n\u00e9diction\u00a0!<br \/>\nJ\u2019occupe un studio dans ma maison    et j\u2019ai des locataires<br \/>\nJe per\u00e7ois un loyer   je re\u00e7ois des sous de Papa et Maman<br \/>\nL\u2019\u00e9change de courriers avec eux     me fait tant de bien\u00a0<br \/>\nEt m\u2019aide efficacement    \u00e0 perfectionner mon fran\u00e7ais<\/p>\n<p class=\"K-Texte-Centre K-Texte\">Je suis bon \u00e9l\u00e8ve     Je joue des sonates de Mozart<br \/>\nLes pr\u00eatres m\u2019aiment   Mes camarades d\u2019admirent<br \/>\nLes filles me recherchent   Je reste fid\u00e8le \u00e0 Dieu\u00a0!<br \/>\nJ\u2019ai un ami presque un fr\u00e8re   Il s\u2019appelle Hubert<br \/>\nIl est si bienveillant    et il m\u2019apprend \u00e0 partager<br \/>\nJe me souviens de sa noblesse   et je le remercie<br \/>\nDans le Katanga libre     je suis Le-Paradisiaque\u00a0!<\/p>\n<\/div>\n","protected":false},"excerpt":{"rendered":"<p>Mes parents flamands Retour au Lukasa Bient\u00f4t donc c\u2019est l\u2019entr\u00e9e dans le r\u00eave\u00a0! Expo58 ann\u00e9e faste\u00a0: visites somptueuses Au palais royal dans les ch\u00e2teaux les mairies R\u00e9citals et feux de la rampe et feux d\u2019artifice\u00a0! D\u00e9licatesse et parfums\u00a0! Une Main bienveillante Est venue se poser sur moi et m\u2019a d\u00e9pos\u00e9 l\u00e0-bas De l\u2019autre c\u00f4t\u00e9 du &hellip; <\/p>\n<p class=\"link-more\"><a href=\"https:\/\/www.landrea.net\/index.php\/ressource-50\/\" class=\"more-link\">Continuer la lecture<span class=\"screen-reader-text\"> de &laquo;&nbsp;Mes parents flamands&nbsp;&raquo;<\/span><\/a><\/p>\n","protected":false},"author":1,"featured_media":0,"parent":0,"menu_order":0,"comment_status":"closed","ping_status":"closed","template":"","meta":{"spay_email":"","footnotes":""},"class_list":["post-1383","page","type-page","status-publish","hentry"],"_links":{"self":[{"href":"https:\/\/www.landrea.net\/index.php\/wp-json\/wp\/v2\/pages\/1383","targetHints":{"allow":["GET"]}}],"collection":[{"href":"https:\/\/www.landrea.net\/index.php\/wp-json\/wp\/v2\/pages"}],"about":[{"href":"https:\/\/www.landrea.net\/index.php\/wp-json\/wp\/v2\/types\/page"}],"author":[{"embeddable":true,"href":"https:\/\/www.landrea.net\/index.php\/wp-json\/wp\/v2\/users\/1"}],"replies":[{"embeddable":true,"href":"https:\/\/www.landrea.net\/index.php\/wp-json\/wp\/v2\/comments?post=1383"}],"version-history":[{"count":1,"href":"https:\/\/www.landrea.net\/index.php\/wp-json\/wp\/v2\/pages\/1383\/revisions"}],"predecessor-version":[{"id":1384,"href":"https:\/\/www.landrea.net\/index.php\/wp-json\/wp\/v2\/pages\/1383\/revisions\/1384"}],"wp:attachment":[{"href":"https:\/\/www.landrea.net\/index.php\/wp-json\/wp\/v2\/media?parent=1383"}],"curies":[{"name":"wp","href":"https:\/\/api.w.org\/{rel}","templated":true}]}}