{"id":1072,"date":"2021-11-28T19:23:06","date_gmt":"2021-11-28T18:23:06","guid":{"rendered":"http:\/\/www.landrea.net\/?page_id=1072"},"modified":"2021-12-11T23:30:22","modified_gmt":"2021-12-11T22:30:22","slug":"lukasa","status":"publish","type":"page","link":"https:\/\/www.landrea.net\/index.php\/lukasa\/","title":{"rendered":"Lukasa"},"content":{"rendered":"<div class=\"Lukasa-Conteneur\">\n<img decoding=\"async\" style=\"\"\n     src=\"http:\/\/www.landrea.net\/wp-content\/uploads\/2021\/11\/Lukasa-JK.jpeg\"\n     alt=\"Lukasa\"><br \/>\n<a href=\"http:\/\/www.landrea.net\/index.php\/ressource-01\/\"><\/p>\n<div class=\"Lukasa Lukasa-01\">\n<p class=\"Lukasa-Texte-01\">Testament d\u2019une m\u00e8re<\/p>\n<\/div>\n<p><\/a><br \/>\n<a href=\"http:\/\/www.landrea.net\/index.php\/ressource-19\/\"><\/p>\n<div class=\"Lukasa Lukasa-19\">\n<p class=\"Lukasa-Texte-19 Lukasa-Texte-Small\">Ma\u00eetre Camplimbar<\/p>\n<\/div>\n<p><\/a><br \/>\n<a href=\"http:\/\/www.landrea.net\/index.php\/ressource-06\/\"><\/p>\n<div class=\"Lukasa Lukasa-06\">\n<p class=\"Lukasa-Texte-06\">Colon &#038; Nsonga<\/p>\n<\/div>\n<p><\/a><br \/>\n<a href=\"http:\/\/www.landrea.net\/index.php\/ressource-16\/\"><\/p>\n<div class=\"Lukasa Lukasa-16\">\n<p class=\"Lukasa-Texte-16\">La Passion selon Saint-Mathieu<br \/>\n(Semaine de gr\u00e2ce)<\/p>\n<\/div>\n<p><\/a><br \/>\n<a href=\"http:\/\/www.landrea.net\/index.php\/ressource-23\/\"><\/p>\n<div class=\"Lukasa Lukasa-23\">\n<p class=\"Lukasa-Texte-23\">Joie Immigration et Doctorat<\/p>\n<\/div>\n<p><\/a><br \/>\n<a href=\"http:\/\/www.landrea.net\/index.php\/ressource-25\/\"><\/p>\n<div class=\"Lukasa-Flash Lukasa-25\">\n<p class=\"Lukasa-Texte-25\">\n<\/div>\n<p><\/a><br \/>\n<a href=\"http:\/\/www.landrea.net\/index.php\/ressource-26\/\"><\/p>\n<div class=\"Lukasa-Flash Lukasa-26\">\n<p class=\"Lukasa-Texte-26\">\n<\/div>\n<p><\/a><br \/>\n<a href=\"http:\/\/www.landrea.net\/index.php\/ressource-29\/\"><\/p>\n<div class=\"Lukasa-Flash Lukasa-29\">\n<p class=\"Lukasa-Texte-29\">\n<\/div>\n<p><\/a><br \/>\n<a href=\"http:\/\/www.landrea.net\/index.php\/ressource-30\/\"><\/p>\n<div class=\"Lukasa-Flash Lukasa-30\">\n<p class=\"Lukasa-Texte-30\">\n<\/div>\n<p><\/a><br \/>\n<a href=\"http:\/\/www.landrea.net\/index.php\/ressource-31\/\"><\/p>\n<div class=\"Lukasa-Flash Lukasa-31\">\n<p class=\"Lukasa-Texte-31\">\n<\/div>\n<p><\/a><br \/>\n<a href=\"http:\/\/www.landrea.net\/index.php\/ressource-32\/\"><\/p>\n<div class=\"Lukasa-Flash Lukasa-32\">\n<p class=\"Lukasa-Texte-32\">\n<\/div>\n<p><\/a><br \/>\n<a href=\"http:\/\/www.landrea.net\/index.php\/ressource-33\/\"><\/p>\n<div class=\"Lukasa-Flash Lukasa-33\">\n<p class=\"Lukasa-Texte-33\">\n<\/div>\n<p><\/a><br \/>\n<a href=\"http:\/\/www.landrea.net\/index.php\/ressource-35\/\"><\/p>\n<div class=\"Lukasa-Media Lukasa-35\">\n<p class=\"Lukasa-Texte-35\">\n<\/div>\n<p><\/a><br \/>\n<a href=\"http:\/\/www.landrea.net\/index.php\/ressource-36\/\"><\/p>\n<div class=\"Lukasa-Flash Lukasa-36\">\n<p class=\"Lukasa-Texte-36\">\n<\/div>\n<p><\/a><br \/>\n<a href=\"http:\/\/www.landrea.net\/index.php\/ressource-38\/\"><\/p>\n<div class=\"Lukasa-Flash Lukasa-38\">\n<p class=\"Lukasa-Texte-38\">\n<\/div>\n<p><\/a><br \/>\n<a href=\"http:\/\/www.landrea.net\/index.php\/ressource-39\/\"><\/p>\n<div class=\"Lukasa-Flash Lukasa-39\">\n<p class=\"Lukasa-Texte-39\">\n<\/div>\n<p><\/a><br \/>\n<a href=\"http:\/\/www.landrea.net\/index.php\/ressource-40\/\"><\/p>\n<div class=\"Lukasa-Flash Lukasa-40\">\n<p class=\"Lukasa-Texte-40\">\n<\/div>\n<p><\/a><br \/>\n<a href=\"http:\/\/www.landrea.net\/index.php\/ressource-42\/\"><\/p>\n<div class=\"Lukasa-Flash Lukasa-42\">\n<p class=\"Lukasa-Texte-42\">\n<\/div>\n<p><\/a><br \/>\n<a href=\"http:\/\/www.landrea.net\/index.php\/ressource-43\/\"><\/p>\n<div class=\"Lukasa-Flash Lukasa-43\">\n<p class=\"Lukasa-Texte-43\">\n<\/div>\n<p><\/a><br \/>\n<a href=\"http:\/\/www.landrea.net\/index.php\/ressource-45\/\"><\/p>\n<div class=\"Lukasa-Flash Lukasa-45\">\n<p class=\"Lukasa-Texte-45\">\n<\/div>\n<p><\/a><br \/>\n<a href=\"http:\/\/www.landrea.net\/index.php\/ressource-46\/\"><\/p>\n<div class=\"Lukasa-Flash Lukasa-46\">\n<p class=\"Lukasa-Texte-46\">\n<\/div>\n<p><\/a><br \/>\n<a href=\"http:\/\/www.landrea.net\/index.php\/ressource-46\/\"><\/p>\n<div class=\"Lukasa-Flash Lukasa-46B\">\n<p class=\"Lukasa-Texte-46B\">\n<\/div>\n<p><\/a><br \/>\n<a href=\"http:\/\/www.landrea.net\/index.php\/ressource-47\/\"><\/p>\n<div class=\"Lukasa-Flash Lukasa-47\">\n<p class=\"Lukasa-Texte-47\">\n<\/div>\n<p><\/a><br \/>\n<a href=\"http:\/\/www.landrea.net\/index.php\/ressource-49\/\"><\/p>\n<div class=\"Lukasa-Flash Lukasa-49\">\n<p class=\"Lukasa-Texte-49\">\n<\/div>\n<p><\/a><br \/>\n<a href=\"http:\/\/www.landrea.net\/index.php\/ressource-50\/\"><\/p>\n<div class=\"Lukasa Lukasa-50\">\n<p class=\"Lukasa-Texte-50\">Mes parents flamands<\/p>\n<\/div>\n<p><\/a><br \/>\n<a href=\"http:\/\/www.landrea.net\/index.php\/ressource-51\/\"><\/p>\n<div class=\"Lukasa Lukasa-51\">\n<p class=\"Lukasa-Texte-51\">Joyeuse f\u00eate \u00e0 toi<br \/>\nJacques Mulongo\u00a0!<\/p>\n<\/div>\n<p><\/a><br \/>\n<a href=\"http:\/\/www.landrea.net\/index.php\/ressource-52\/\"><\/p>\n<div class=\"Lukasa-Flash Lukasa-52\">\n<p class=\"Lukasa-Texte-52\">\u00c9cho\u00a0\u00e0 Jacques<\/p>\n<\/div>\n<p><\/a><br \/>\n<a href=\"http:\/\/www.landrea.net\/index.php\/ressource-53\/\"><\/p>\n<div class=\"Lukasa-Loupe Lukasa-53\">\n<p class=\"Lukasa-Texte-53\">Bora, ma s\u0153ur bien-aim\u00e9e<\/p>\n<\/div>\n<p><\/a><br \/>\n<a href=\"http:\/\/www.landrea.net\/index.php\/ressource-54\/\"><\/p>\n<div class=\"Lukasa-Flash Lukasa-54\">\n<p class=\"Lukasa-Texte-54\">\nLes existentiaux au c\u0153ur du kas\u00e0l\u00e0 <\/p>\n<\/div>\n<p><\/a><br \/>\n<a href=\"http:\/\/www.landrea.net\/index.php\/ressource-55\/\"><\/p>\n<div class=\"Lukasa-Flash Lukasa-55\">\n<p class=\"Lukasa-Texte-55\">\n<\/div>\n<p><\/a><br \/>\n<a href=\"http:\/\/www.landrea.net\/index.php\/ressource-56\/\"><\/p>\n<div class=\"Lukasa Lukasa-56\">\n<p class=\"Lukasa-Texte-56\"> Kas\u00e0l\u00e0 pour Me Kabuta <\/p>\n<\/div>\n<p><\/a><br \/>\n<a href=\"http:\/\/www.landrea.net\/index.php\/ressource-57\/\"><\/p>\n<div class=\"Lukasa-Flash Lukasa-57\">\n<p class=\"Lukasa-Texte-57\">\n<\/div>\n<p><\/a><br \/>\n<a href=\"http:\/\/www.landrea.net\/index.php\/ressource-58\/\"><\/p>\n<div class=\"Lukasa Lukasa-58\">\n<p class=\"Lukasa-Texte-58\" style=\"padding-left:1.5vw;\">M.J. B.<\/p>\n<\/div>\n<p><\/a><br \/>\n<a href=\"http:\/\/www.landrea.net\/index.php\/ressource-59\/\"><\/p>\n<div class=\"Lukasa-Flash Lukasa-59\">\n<p class=\"Lukasa-Texte-59\">\n<\/div>\n<p><\/a><br \/>\n<a href=\"http:\/\/www.landrea.net\/index.php\/ressource-60\/\"><\/p>\n<div class=\"Lukasa-Flash Lukasa-60\">\n<p class=\"Lukasa-Texte-60\">\n<\/div>\n<p><\/a><br \/>\n<a href=\"http:\/\/www.landrea.net\/index.php\/ressource-61\/\"><\/p>\n<div class=\"Lukasa-Flash Lukasa-61\">\n<p class=\"Lukasa-Texte-61\">\n<\/div>\n<p><\/a><br \/>\n<a href=\"http:\/\/www.landrea.net\/index.php\/ressource-62\/\"><\/p>\n<div class=\"Lukasa-Flash Lukasa-62\">\n<p class=\"Lukasa-Texte-62\">\n<\/div>\n<p><\/a><br \/>\n<a href=\"http:\/\/www.landrea.net\/index.php\/ressource-63\/\"><\/p>\n<div class=\"Lukasa-Flash Lukasa-63\">\n<p class=\"Lukasa-Texte-63\">\n<\/div>\n<p><\/a><br \/>\n<a href=\"http:\/\/www.landrea.net\/index.php\/ressource-64\/\"><\/p>\n<div class=\"Lukasa-Flash Lukasa-64\">\n<p class=\"Lukasa-Texte-64\">\n<\/div>\n<p><\/a><br \/>\n<a href=\"http:\/\/www.landrea.net\/index.php\/ressource-65\/\"><\/p>\n<div class=\"Lukasa-Flash Lukasa-65\">\n<p class=\"Lukasa-Texte-65\">\n<\/div>\n<p><\/a><br \/>\n<a href=\"http:\/\/www.landrea.net\/index.php\/ressource-66\/\"><\/p>\n<div class=\"Lukasa-Loupe Lukasa-66\">\n<p class=\"Lukasa-Texte-66\">\n<\/div>\n<p><\/a><br \/>\n<a href=\"http:\/\/www.landrea.net\/index.php\/ressource-67\/\"><\/p>\n<div class=\"Lukasa-Loupe Lukasa-67\">\n<p class=\"Lukasa-Texte-67\">\n<\/div>\n<p><\/a><br \/>\n<a href=\"http:\/\/www.landrea.net\/index.php\/ressource-68\/\"><\/p>\n<div class=\"Lukasa-Flash Lukasa-68\">\n<p class=\"Lukasa-Texte-68\">\n<\/div>\n<p><\/a><br \/>\n<a href=\"http:\/\/www.landrea.net\/index.php\/ressource-69\/\"><\/p>\n<div class=\"Lukasa-Flash Lukasa-69\">\n<p class=\"Lukasa-Texte-69\">Pens\u00e9es et perspectives africaines<\/p>\n<\/div>\n<p><\/a><br \/>\n<a href=\"http:\/\/www.landrea.net\/index.php\/ressource-70\/\"><\/p>\n<div class=\"Lukasa-Flash Lukasa-70\">\n<p class=\"Lukasa-Texte-70\">\n<\/div>\n<p><\/a><br \/>\n<a href=\"http:\/\/www.landrea.net\/index.php\/ressource-71\/\"><\/p>\n<div class=\"Lukasa-Flash Lukasa-71\">\n<p class=\"Lukasa-Texte-71\">\u00c9change avec un inconnu<\/p>\n<\/div>\n<p><\/a><br \/>\n<a href=\"http:\/\/www.landrea.net\/index.php\/ressource-72\/\"><\/p>\n<div class=\"Lukasa-Loupe Lukasa-72\">\n<p class=\"Lukasa-Texte-72\"> Joyeux Anniversaire Jeanne-Marie !<\/p>\n<div class=\"Lukasa-A01\">\n<div class=\"Lukasa-A02\"><\/div>\n<\/div>\n<\/div>\n<p><\/a><br \/>\n<a href=\"http:\/\/www.landrea.net\/index.php\/ressource-73\/\"><\/p>\n<div class=\"Lukasa-Loupe Lukasa-73\">\n<p class=\"Lukasa-Texte-73\">Je suis aussi \u00catre-plastique<\/p>\n<\/div>\n<p><\/a><br \/>\n<a href=\"http:\/\/www.landrea.net\/index.php\/ressource-74\/\"><\/p>\n<div class=\"Lukasa-Loupe Lukasa-74\">\n<p class=\"Lukasa-Texte-74\">\/p><\/div>\n<p><\/a><br \/>\n<a href=\"http:\/\/www.landrea.net\/index.php\/ressource-75\/\"><\/p>\n<div class=\"Lukasa-Flash Lukasa-75\">\n<p class=\"Lukasa-Texte-75\">Prochaine Migration<\/p>\n<\/div>\n<p><\/a><br \/>\n<a href=\"http:\/\/www.landrea.net\/index.php\/ressource-76\/\"><\/p>\n<div class=\"Lukasa-Flash Lukasa-76\">\n<p class=\"Lukasa-Texte-76\">Maam\u00e0 D\u00f4k\u00e0<\/p>\n<\/div>\n<p><\/a><br \/>\n<a href=\"http:\/\/www.landrea.net\/index.php\/ressource-77\/\"><\/p>\n<div class=\"Lukasa Lukasa-77\">\n<p class=\"Lukasa-Texte-77\">\n<\/div>\n<p><\/a><\/p>\n<p><a href=\"http:\/\/www.landrea.net\/index.php\/ressource-19\/\"><\/p>\n<div class=\"Lukasa-Test Lukasa-\">\n<p class=\"Lukasa-Texte-\">Testament d\u2019une m\u00e8re<\/p>\n<\/div>\n<p><\/a><\/p>\n<\/div>\n","protected":false},"excerpt":{"rendered":"<p>Testament d\u2019une m\u00e8re Ma\u00eetre Camplimbar Colon &#038; Nsonga La Passion selon Saint-Mathieu (Semaine de gr\u00e2ce) Joie Immigration et Doctorat Mes parents flamands Joyeuse f\u00eate \u00e0 toi Jacques Mulongo\u00a0! \u00c9cho\u00a0\u00e0 Jacques Bora, ma s\u0153ur bien-aim\u00e9e Les existentiaux au c\u0153ur du kas\u00e0l\u00e0 Kas\u00e0l\u00e0 pour Me Kabuta M.J. B. Pens\u00e9es et perspectives africaines \u00c9change avec un inconnu Joyeux &hellip; <\/p>\n<p class=\"link-more\"><a href=\"https:\/\/www.landrea.net\/index.php\/lukasa\/\" class=\"more-link\">Continuer la lecture<span class=\"screen-reader-text\"> de &laquo;&nbsp;Lukasa&nbsp;&raquo;<\/span><\/a><\/p>\n","protected":false},"author":1,"featured_media":0,"parent":0,"menu_order":0,"comment_status":"closed","ping_status":"closed","template":"","meta":{"spay_email":"","footnotes":""},"class_list":["post-1072","page","type-page","status-publish","hentry"],"_links":{"self":[{"href":"https:\/\/www.landrea.net\/index.php\/wp-json\/wp\/v2\/pages\/1072","targetHints":{"allow":["GET"]}}],"collection":[{"href":"https:\/\/www.landrea.net\/index.php\/wp-json\/wp\/v2\/pages"}],"about":[{"href":"https:\/\/www.landrea.net\/index.php\/wp-json\/wp\/v2\/types\/page"}],"author":[{"embeddable":true,"href":"https:\/\/www.landrea.net\/index.php\/wp-json\/wp\/v2\/users\/1"}],"replies":[{"embeddable":true,"href":"https:\/\/www.landrea.net\/index.php\/wp-json\/wp\/v2\/comments?post=1072"}],"version-history":[{"count":122,"href":"https:\/\/www.landrea.net\/index.php\/wp-json\/wp\/v2\/pages\/1072\/revisions"}],"predecessor-version":[{"id":1551,"href":"https:\/\/www.landrea.net\/index.php\/wp-json\/wp\/v2\/pages\/1072\/revisions\/1551"}],"wp:attachment":[{"href":"https:\/\/www.landrea.net\/index.php\/wp-json\/wp\/v2\/media?parent=1072"}],"curies":[{"name":"wp","href":"https:\/\/api.w.org\/{rel}","templated":true}]}}